*z = -184, -2*z + 137 + 235 = -4*s. Let v = s + 121. Let h be 2/5 - (-943)/5. What is the greatest common factor of h and v?
27
Let w(f) = f**3 + 31*f**2 + 142*f - 172. Let j be w(-25). What is the greatest common factor of j and 714?
14
Let n = 3151 + -2865. What is the greatest common divisor of n and 110?
22
Let b(o) = -2*o + 1 - 7 - 60*o. Let v be (-14)/(-28) + (-15)/10. Let a be b(v). Calculate the highest common factor of a and 16.
8
Suppose -3*f + 5*f - 62 = 0. Let u be (6/27*-3)/((-6)/36). Suppose -f - 17 = -u*n. What is the greatest common factor of 8 and n?
4
Let k be (-1)/(-3) - (488/(-3) + -2). Let g be 358/10 + 33/k. Calculate the highest common divisor of 306 and g.
18
Let b(p) = 5*p**2 - 8*p - 4. Let o be b(6). Suppose 8*l = 3786 + 1440 - 618. What is the greatest common factor of o and l?
64
Suppose 2*d + d = 0. Suppose -4*m + 72 + 152 = d. Let c = 588289 - 588275. Calculate the highest common factor of m and c.
14
Let p be ((-7)/(-14))/(1/4) + 22. Suppose p = -8*c + 5*c. Let w be (-1 + (-33)/(-9))*(-30)/c. What is the highest common factor of 6 and w?
2
Suppose 3*l - 4 = -l. Let r be 36/(-16)*28/21. Let z be r + (16/l)/4. What is the highest common factor of 4 and z?
1
Let u be (-24)/9*(-1)/(-4)*-123. Let i = u - 79. Suppose -i*b - 22 + 58 = 0. Calculate the highest common factor of 3 and b.
3
Suppose -70*z - 5934 = -113*z. What is the greatest common factor of 2806 and z?
46
Suppose -x = -2*x - 3*f + 21, 0 = -2*x - 4*f + 42. Let q = x - -10. Calculate the highest common factor of 1 and q.
1
Let o(z) = 43*z**2 + 242*z + 7. Let n be o(-6). What is the greatest common factor of n and 309?
103
Let k = 161 + -66. Suppose 3*u = 103 + k. Calculate the greatest common factor of 264 and u.
66
Suppose 24*x + 5 = 25*x, -x - 6863 = -4*v. Calculate the highest common divisor of v and 17.
17
Let z = 117 - 115. Suppose -2*k = 3*s + 2*s - 94, z*s - 100 = -2*k. Calculate the greatest common factor of 572 and k.
52
Suppose -47 = -5*z - x, -4*z + 5*x + 17 + 9 = 0. What is the highest common divisor of 4491 and z?
9
Suppose -1724*g - 38 = -1729*g + 77. Calculate the highest common divisor of g and 5221.
23
Suppose -4*k = -79 - 57. Suppose 12*v - k = 14. Suppose -59 - 5 = -v*z. What is the greatest common divisor of 12 and z?
4
Let y be (96/10)/3*5795/(26 - 7). Calculate the highest common factor of y and 48.
16
Suppose 1538 = 47*f - 30510 - 30133. What is the greatest common divisor of 9 and f?
9
Suppose -113*p + 115*p = -3*x + 195, -2*p - x = -193. Let u = p - -410. What is the greatest common divisor of 66 and u?
22
Let w be (-44064)/208 + 4/(-26). Let s = -192 - w. Let b(x) = -45*x. Let d be b(-4). Calculate the greatest common factor of d and s.
20
Suppose 0 = 3*g + 5*t - 5048, 116*g + 1664 = 117*g - t. What is the highest common divisor of g and 18?
3
Suppose 47*w - 131*w - 411840 = -660*w. What is the highest common factor of w and 780?
65
Let s(z) = 3*z**2 + 80*z + 398. Let r be s(-35). Calculate the greatest common factor of 19 and r.
19
Let m(x) = 5*x**2 + 4*x - 1. Let b be m(-5). Let y be ((-11609)/(-2679))/((-1)/(-18)). What is the highest common divisor of b and y?
26
Let k(z) = -5*z + 66. Let h be k(10). Suppose 5*t = 5, -t + 23 = l - 6*t. Calculate the greatest common divisor of h and l.
4
Let f be 9*28/9*3. Let m = 117 + -41. Suppose -5*p - v - 3*v = -m, 0 = -3*p - 3*v + 48. What is the highest common divisor of f and p?
12
Let g = -15 - -19. Let d be ((-44)/(-6) + 2)*6/g. Suppose 0 = 2*i - 10*i + 168. Calculate the greatest common factor of d and i.
7
Suppose 0 = -5*u + 4*u + 30. Suppose 1247 = 6*i - 121. Let j = i + -218. Calculate the greatest common factor of u and j.
10
Suppose -s = 4*s + 5*f - 4500, 4*s - f = 3605. Suppose 1669*r - 46 = -4*p + 1671*r, r + 74 = 5*p. Calculate the greatest common divisor of p and s.
17
Let d = 37 + -34. Suppose j - 5 = d. Let q = -294 - -330. What is the greatest common factor of j and q?
4
Suppose 0 = -24*r + 23*r - 378. Let o = -168 - r. Calculate the highest common divisor of o and 42.
42
Let y(l) = 81*l**2 + l + 1. Let a be y(-1). Let p be ((-864)/168)/(2/(-21)). Calculate the greatest common divisor of p and a.
27
Suppose 13*t - 210 + 106 = 0. What is the highest common divisor of t and 672?
8
Let h(x) = -968*x - 998. Let n be h(-7). Calculate the greatest common divisor of n and 54.
54
Let p = 21337 - 20707. What is the greatest common factor of p and 936?
18
Suppose -440*s + 446*s = 18. Suppose 4*l = -s*q + 148, q + 243 = 6*q + 3*l. What is the highest common divisor of 84 and q?
12
Let x = 18308 - 18260. Calculate the greatest common factor of x and 1284.
12
Let x be (-670)/(-60) + (-75)/(-90). What is the highest common divisor of 636 and x?
12
Suppose 1558*k - 1555*k - 1596 = 0. Calculate the greatest common divisor of k and 56.
28
Suppose -91 = 8*z - 91. Suppose 34*s - 1619 + 531 = z. Calculate the highest common divisor of 416 and s.
32
Suppose 0 = -g + 4*k - 9, -3*g = 5*k - 58. Let f = g + 229. Calculate the highest common divisor of 30 and f.
30
Suppose -12*m + 15*m = 10*m - 63. What is the greatest common factor of 31 and m?
1
Let d be ((-18)/(-27))/(2/9). Let s(c) = 39*c**2 + c + 3. Let g be s(d). Calculate the highest common divisor of 42 and g.
21
Let c = 9 - 5. Let x(s) = s**3 + 23*s**2 + 23*s + 20. Let z be x(-22). Let h be (-15)/5 - -45 - z. What is the greatest common factor of c and h?
4
Let j(t) = -t**3 - 47*t**2 - 12*t - 180. Let n be j(-45). Let y be (-4)/(8 - n/(-459)). What is the greatest common divisor of y and 459?
51
Let s = -222 - -348. Let y = -86 + s. Suppose 3*n - y = -2*u, -4*u = 2*n + n - 38. What is the greatest common factor of n and 7?
7
Suppose -27*d + 2*i + 2212 = -23*d, 4*d - i - 2210 = 0. Calculate the highest common factor of 345 and d.
69
Let d(r) = 42*r**2 + 3023*r - 63. Let b be d(-72). Let x(f) = 11*f**2 - 3*f. Let h be x(3). What is the highest common divisor of h and b?
9
Let n be 1*58 + (1185/(-316) - 2/8). Calculate the greatest common factor of 792 and n.
18
Suppose 0 = -14*p + 1759 + 2119. What is the highest common divisor of 1 and p?
1
Let t = 139 + -77. Let q(x) = -3*x + 155. Suppose y + 2*d = 0, 3*y = -0*d + 3*d. Let i be q(y). Calculate the highest common divisor of t and i.
31
Suppose 4*q = -r + 15, 3*r - 4*q = 17 - 4. Let p = -307 + 335. Calculate the greatest common divisor of r and p.
7
Let l be 35/((-10)/2) + 9. Suppose -54 = l*f - 20*f. What is the highest common divisor of f and 24?
3
Let l(b) = -8*b + 8. Let d be l(-4). Suppose 5456 = 9*r - 664. Let s = r - 360. What is the highest common factor of d and s?
40
Let j(o) = 63*o + 96. Let p be j(9). Calculate the highest common divisor of 1275 and p.
51
Let f be -8 - (-775)/125 - 338/(-10). Let w(r) = 3*r**2 - 6*r - 5. Let x be w(5). Calculate the greatest common divisor of f and x.
8
Suppose -15*b + 10*b + 8330 = -4*g, 5*b - 5*g - 8335 = 0. What is the highest common factor of b and 6?
6
Let d(y) = -y + 7. Let w be d(10). Let t(x) = 5*x + 7. Let k be t(w). Let r be (-3 - (-5)/(-10))*k. What is the greatest common divisor of r and 112?
28
Suppose 0*b = 51*b - 0*b - 74256. Calculate the highest common divisor of 637 and b.
91
Let r be (-125)/(-3) + (-10)/(-390)*13. What is the greatest common divisor of r and 492?
6
Let p = -17342 - -17372. Suppose -974 = -2*n - 14. What is the greatest common factor of p and n?
30
Suppose -12*a + 10*a + 4 = 0. Let t be 13 - 1/(1*a/8). Calculate the highest common factor of t and 45.
9
Let y(p) = -1034*p - 574. Let k be y(-4). What is the highest common divisor of k and 411?
137
Suppose 820*m = 815*m + 320. Calculate the highest common divisor of m and 688.
16
Let k(a) = 4*a**3 + 6*a**2 + 2*a - 9. Let y be k(4). Calculate the highest common divisor of y and 513.
27
Suppose -24*i + 747260 = -180340. Calculate the greatest common factor of 50 and i.
50
Let c = 40 + 627. What is the highest common factor of 261 and c?
29
Let g(t) = -7*t + 24. Let m be g(2). Let u be (-4)/((m - 6)/(-16)). Let r be 24/((-2)/(0 + -2)). Calculate the highest common factor of u and r.
8
Let j(t) = -33*t**3 - 3*t**2 + 3*t. Let q be j(2). Let u = -243 - q. What is the greatest common divisor of u and 9?
9
Suppose -6*c + 25 = -5. Let n be 1/((-4)/10*c/(-52)). Let r be 